me factors of o.
2, 5, 17, 23
Let r(k) be the second derivative of 15*k**3/2 - 32*k. List the prime factors of r(3).
3, 5
Suppose 0 = 7*v - 0*v. Suppose v = -4*u - 2*u. Suppose u = l + 2*f - 0*f - 35, -l = -2*f - 23. List the prime factors of l.
29
Let t = 76 + -54. List the prime factors of 262/6 - (-3 + t/6).
43
Suppose 0 = -2*r - 4*h + 168, 5*h - 4 = 6. Suppose -105 - r = -5*q. List the prime factors of q.
37
Suppose -2*u - 251 = 5*v - 811, -3*u + 3*v + 840 = 0. List the prime factors of 0/(-1) + -3 - u/(-2).
137
Let o(c) be the second derivative of -c**4/12 - c**3 + c**2 + 2*c. Suppose 5*m = 0, m = -5*v + 2*v - 18. What are the prime factors of o(v)?
2
Let u = 56 + -62. What are the prime factors of -39*(-8)/(-3)*u/24?
2, 13
Let f be (20 - 3)/((-1)/(-45)). Suppose 3*u + 126 + 184 = 2*g, -5*u = -5*g + f. What are the prime factors of g?
149
Let p(b) = -b + 13*b + 38*b**2 + 22 - 61*b**2 + 27*b**2. What are the prime factors of p(-8)?
2, 7, 13
Let v(c) = 4*c**2. Let a be v(1). Suppose -335 = -a*f - 5*n, 3*f - 10 = -n + 244. What are the prime factors of f?
5, 17
Suppose 0 = -488*z + 473*z + 31815. What are the prime factors of z?
3, 7, 101
Let c(r) = -616*r - 97. List the prime factors of c(-4).
3, 263
Let c(p) = 7 - 1 - 6*p**3 + 4*p**2 + 5*p**3 + 6*p. Let h(v) = v**2 + 6*v - 11. Let d be h(-8). List the prime factors of c(d).
11
Let z = -262 - -466. Let i = z - 95. List the prime factors of i.
109
Suppose -m - 1 = 0, 3*i = i - 5*m + 55. List the prime factors of 64/6*i/4.
2, 5
Let g = 4211 + -2932. What are the prime factors of g?
1279
What are the prime factors of (-10)/(-40)*16 - -1233?
1237
Let c(m) = -m**3 + 56. Let i be c(0). Suppose -4*n - 29 = f, -2*f - 3*n - 12 = 41. Let j = f + i. List the prime factors of j.
31
Suppose -10*p - 8090 = -5*j - 11*p, -5*j = -3*p - 8070. List the prime factors of j.
3, 7, 11
Let t be 85/(-25) + 4/10. List the prime factors of (-220)/t + (-2)/6.
73
Suppose -2*c - 2*m = -10645 + 473, 5*c - 25428 = -4*m. What are the prime factors of c?
2, 31, 41
What are the prime factors of (-1 + 0)/(6 - (-35692)/(-5948))?
1487
Suppose -3*f = -2*o - 8 - 3, o + 4 = f. Suppose -3*y - 6 + 1 = m, 2*m - f*y = 8. List the prime factors of 2/(4/(64/m)).
2
Let o(t) = t**2 + 13*t - 100. List the prime factors of o(7).
2, 5
Suppose 0 = 2*d + 218 - 3078. List the prime factors of d.
2, 5, 11, 13
Let d = -302 + 548. List the prime factors of d.
2, 3, 41
Suppose -2*o - 13 = -33. Suppose -4 = -3*b - 4*i - 15, -o = 2*i. Let y = b + 26. What are the prime factors of y?
29
Let y be (6 + -3 + -3)/(-1). Suppose 3*a - 161 - 28 = y. Suppose 3*x + 0*h - h = 73, 3*x - 3*h - a = 0. What are the prime factors of x?
2, 13
Suppose -4*i - 3*w = -i - 3903, 6505 = 5*i + 3*w. List the prime factors of i.
1301
Suppose -23*w = -22*w - 2817. What are the prime factors of w?
3, 313
Suppose 4*b = 9*b - 25. Let l(p) = -5*p**2 - 13*p + 13. Let d(a) = -3*a**2 - 7*a + 7. Let i(s) = -7*d(s) + 4*l(s). List the prime factors of i(b).
13
Let x be 12/36 - (-22)/6. List the prime factors of x/(-10)*(4 - 479).
2, 5, 19
Suppose 4*i - 27 - 20 = -5*w, 13 = w + 2*i. Let z = w - 4. Suppose j - z*j = -30. List the prime factors of j.
3, 5
Let s = -77 - -77. Suppose 233 = 5*f + 2*r, s = 2*f - 5*f + 2*r + 127. What are the prime factors of f?
3, 5
Let s be 3*(27 - -3*(-2)/(-3)). Let b = -35 + s. What are the prime factors of b?
2, 13
Let h = 262 + -262. Suppose 0 = k - 2*k - 17. What are the prime factors of (h - 3) + -1 - k?
13
Let p be (-10)/(-2)*1/1. Suppose -p*k - 15 = 5*n, 0*n + 2*n + 16 = 3*k. What are the prime factors of (-368)/n + (-30)/(-75)?
2, 37
Suppose 27 = -0*a + a - 5*q, 9 = -3*a - 3*q. Suppose a*f + 126 = 3*u, 0*u = -5*u - 5*f + 210. List the prime factors of u.
2, 3, 7
Suppose 3*h - 31 = -22. Suppose -156 = h*l - 429. What are the prime factors of l?
7, 13
Let k(w) = -w**3 + 2*w**2 + 24*w - 24. What are the prime factors of k(-8)?
2, 53
Let f(j) = j**3 + 10*j**2 + j. What are the prime factors of f(-8)?
2, 3, 5
Suppose 2*n + n - 6 = 0, 5*n = 2*z + 18. Let m be 0/(-2) - z/(-2). List the prime factors of -2 + (-4)/m + 20.
2, 5
Let m(n) = 18*n**3 - 6*n**2 - 4*n + 3. Let g(c) = c**3 + c**2 + 2*c - 1. Let o(u) = 3*g(u) + m(u). What are the prime factors of o(2)?
2, 5
Let k = 1730 - 758. What are the prime factors of k?
2, 3
Suppose -16764 = 19*n - 30*n. What are the prime factors of n?
2, 3, 127
Let z(q) = -14*q**2 + 7*q + 29. Let l(n) = n**3 + n**2 + 1. Let r(o) = l(o) - z(o). List the prime factors of r(-15).
7, 11
Let i(r) = r**3 - 13*r**2 + 40*r - 13. List the prime factors of i(4).
3
Let n = 242 + -78. Let y = n - 114. What are the prime factors of y?
2, 5
Suppose -j - 6 = -5*k - 25, -4*k - 14 = -2*j. What are the prime factors of (k + 1 + 5)*40?
2, 5
Suppose 449 = t - 3*r, 2*t + 3*t - 2177 = -2*r. What are the prime factors of t?
19, 23
Let a(b) = b**3 - 8*b**2 + 8*b - 9. Let m be a(7). What are the prime factors of (2 - (-59)/m)/((-1)/2)?
5, 11
Let v = 1087 - -605. What are the prime factors of v?
2, 3, 47
Let p(w) = 7*w - 13. Let i = 22 - 22. Suppose i = -2*r + 21 - 7. List the prime factors of p(r).
2, 3
Suppose 36*l - 35*l - 1754 = 2*b, 2*b = -l + 1734. List the prime factors of l.
2, 109
Let a(x) = 2*x**2 - 14*x + 3. Let s be a(7). Suppose 2*m - 7*m = -3*z + 475, -s*m + 483 = 3*z. What are the prime factors of z?
2, 5
Suppose -4*m + 0*m + 1549 = k, -5*m = -k - 1943. List the prime factors of m.
2, 97
Suppose -5*m - 20 = -5*z, -5*z + 16 = 2*m - 3*m. Suppose z = h + 17. Let n = h - -30. List the prime factors of n.
2
Let a(x) = -7*x + 5. Let j be a(9). Suppose 0*m - m - 6 = 0. List the prime factors of j/m + 4/(-6).
3
Suppose 0 = 13*y - 9517 - 1000. List the prime factors of y.
809
Let w be 5 + (504/4)/3. Let y = 281 - w. What are the prime factors of y?
2, 3, 13
Suppose 0 = 109*q - 117*q + 10360. What are the prime factors of q?
5, 7, 37
Suppose 0 = -2*o + 24 - 0. Let h = o - -12. List the prime factors of h.
2, 3
Let g(m) = -4*m - 7. Let y(p) = -3*p - 7. Let d(o) = -4*g(o) + 5*y(o). Let v be d(5). What are the prime factors of v/3 - (-1207)/51?
23
Let w = 1456 - 1034. What are the prime factors of w?
2, 211
Suppose 0 = -15*k - 125 - 115. Let z be (1 - 2)*1*-27. Let t = k + z. List the prime factors of t.
11
Let m(s) = s**3 + 10*s**2 - s - 11. Suppose 5*c - 5*t = -25, -33 = 4*c + 3*t + 15. What are the prime factors of m(c)?
79
Let n(w) = -w - 10. Let g be n(-12). Suppose -2*b - 45 = 4*i - 187, 0 = 2*b - g. What are the prime factors of i?
5, 7
Let g(s) = 822*s**2 + 46*s - 47. What are the prime factors of g(1)?
821
Let w = 1551 + -1103. Let g be 6/(-9) - w/(-6). Let t = g - 53. What are the prime factors of t?
3, 7
Suppose -f + 4*v = 5, -14 = -4*f - 5*v + 8. Suppose 0 = -2*g + 4*c + 8, -7 = -f*g + 2*c + 21. Let b = g + 11. List the prime factors of b.
23
Let g(a) = 2*a**3 + 35*a**2 + 22*a + 25. Let c be g(-17). What are the prime factors of (-2)/(-3) + (-5000)/c?
2, 3, 7
Let s(c) = -c + 30. Suppose 5*m = -2*t + 8, -16 = -m + 2*m - 4*t. What are the prime factors of s(m)?
2, 3, 5
Suppose 80 = -25*b + 29*b. Let r(l) = 5*l - 50. List the prime factors of r(b).
2, 5
Let h be (-1 - -18)*(-3 + 4). Suppose -3*w = f - h, -f + 3*w + 2*w = 15. Suppose -3*q = f*x - 299, -x = 3*x + 4*q - 236. List the prime factors of x.
61
Suppose 0 = 3*b - 18 - 0. Suppose 19 = -b*i + 127. What are the prime factors of i?
2, 3
Let l = 108 - 30. Suppose -16 = m - l. Suppose m = -5*k + 177. List the prime factors of k.
23
Suppose 28*z + 11448 = 32084. What are the prime factors of z?
11, 67
Let n(i) be the first derivative of i**4/4 + i**2/2 + 2*i + 7. Let w be n(0). What are the prime factors of 42 + 9 + 1*w?
53
Let i = 1696 - -255. List the prime factors of i.
1951
Suppose -m = -4*o - 6*m - 2, 3*o + 4 = -5*m. What are the prime factors of (o/(-5))/(1/(-10)) + 91?
5, 19
Suppose -5*o = -2*j + 622, -4*o + 887 = -j + 4*j. What are the prime factors of j?
7, 43
List the prime factors of 15/10 - 7484/(-8).
937
Suppose -4*g = -2*p - 958, 8*p = 4*p + 20. List the prime factors of g.
2, 11
Suppose -11*v = 1388 - 4303. List the prime factors of v.
5, 53
Let u be 1020/16 + (-6)/8. Suppose 0 = -3*l - u + 225. List the prime factors of l.
2, 3
What are the prime factors of 4/(-12)*-3 - 